1307 and 14.
7
What is the greatest common divisor of 23771 and 11?
11
What is the highest common divisor of 1032 and 396804?
516
What is the greatest common divisor of 262770 and 90?
30
What is the greatest common factor of 1924 and 260776?
148
What is the greatest common factor of 148465 and 23?
23
Calculate the highest common factor of 39708 and 180.
36
What is the highest common divisor of 1665 and 1215?
45
What is the greatest common factor of 81540 and 1620?
540
Calculate the greatest common divisor of 4676 and 28.
28
What is the greatest common divisor of 5246 and 305?
61
Calculate the greatest common divisor of 656 and 5048.
8
Calculate the highest common divisor of 2322 and 946.
86
What is the highest common factor of 100827 and 153?
153
What is the highest common factor of 168 and 9016?
56
Calculate the highest common divisor of 4704 and 270.
6
Calculate the greatest common factor of 7 and 236775.
7
What is the greatest common factor of 288 and 8984?
8
Calculate the highest common divisor of 255656 and 24.
8
Calculate the greatest common factor of 176012 and 632.
316
Calculate the greatest common divisor of 386680 and 1840.
40
Calculate the highest common factor of 45810 and 180.
90
Calculate the highest common factor of 159220 and 1520.
380
Calculate the greatest common divisor of 28 and 31234.
14
Calculate the greatest common factor of 19874 and 57.
19
Calculate the highest common divisor of 791707 and 1428.
119
Calculate the greatest common divisor of 703 and 95.
19
What is the highest common factor of 6804 and 19572?
84
Calculate the greatest common factor of 19074 and 129183.
867
What is the highest common divisor of 3197 and 32637?
23
What is the highest common divisor of 1615117 and 7518?
1253
Calculate the greatest common divisor of 6695784 and 1296.
648
What is the highest common divisor of 3776 and 3104?
32
What is the highest common divisor of 19 and 313633?
19
What is the highest common divisor of 21505 and 759?
253
What is the highest common factor of 154 and 3856776?
154
What is the greatest common divisor of 457 and 589073?
457
What is the greatest common divisor of 595450 and 400?
50
Calculate the greatest common factor of 14512 and 91607.
907
Calculate the greatest common divisor of 41964 and 416.
52
What is the greatest common divisor of 126 and 5237001?
63
What is the highest common factor of 7820 and 2540?
20
What is the greatest common divisor of 46755 and 225?
45
Calculate the highest common divisor of 265692 and 924.
84
What is the greatest common factor of 1358 and 3977?
97
What is the greatest common factor of 1170 and 908310?
390
Calculate the greatest common factor of 24440 and 14053.
611
What is the highest common factor of 487747 and 34?
17
Calculate the greatest common divisor of 84 and 2463594.
42
What is the highest common divisor of 572 and 472901?
143
What is the highest common factor of 3038 and 9586409?
1519
What is the highest common divisor of 210 and 9160?
10
Calculate the highest common divisor of 25640 and 80.
40
What is the greatest common divisor of 15900 and 575?
25
Calculate the greatest common factor of 49488 and 24096.
48
Calculate the highest common factor of 752 and 107160.
376
Calculate the greatest common divisor of 1708 and 2790628.
244
Calculate the greatest common divisor of 22 and 3574.
2
What is the greatest common divisor of 186382 and 112?
14
Calculate the greatest common factor of 2428 and 94085.
607
What is the greatest common factor of 6 and 304590?
6
Calculate the highest common divisor of 1172490 and 17.
17
Calculate the highest common factor of 37001 and 227.
227
Calculate the greatest common factor of 1835925 and 910.
455
Calculate the highest common divisor of 164075 and 25.
25
What is the greatest common factor of 71 and 246370?
71
Calculate the greatest common divisor of 456 and 1776.
24
What is the highest common divisor of 140043 and 1?
1
What is the greatest common factor of 9926 and 14?
14
Calculate the greatest common factor of 15670 and 80.
10
Calculate the greatest common divisor of 148912 and 42676.
908
What is the highest common divisor of 2096 and 14541?
131
Calculate the greatest common divisor of 1164 and 72.
12
Calculate the highest common factor of 15080 and 629880.
1160
What is the greatest common factor of 974818 and 26?
26
Calculate the greatest common factor of 45052 and 42.
14
Calculate the highest common divisor of 85766 and 222.
74
What is the highest common factor of 87 and 339?
3
Calculate the highest common factor of 419085 and 18070.
695
What is the greatest common factor of 384 and 118560?
96
What is the greatest common divisor of 415 and 339470?
415
What is the greatest common factor of 134165 and 5?
5
Calculate the highest common divisor of 31490 and 1410.
470
Calculate the highest common divisor of 19 and 76969.
19
What is the highest common factor of 2117518 and 598?
598
Calculate the highest common divisor of 974 and 3.
1
What is the highest common divisor of 987611 and 94?
47
What is the greatest common divisor of 25 and 1035?
5
Calculate the greatest common divisor of 40 and 126080.
40
Calculate the highest common factor of 18925 and 37775.
25
Calculate the highest common factor of 90 and 68560.
10
What is the highest common factor of 348 and 58348?
116
What is the greatest common factor of 1139866 and 364?
182
What is the highest common divisor of 292 and 53509?
73
What is the highest common factor of 32108 and 69?
23
Calculate the highest common factor of 7328981 and 73.
73
What is the highest common factor of 45252 and 2?
2
Calculate the greatest common divisor of 54119 and 37973.
299
Calculate the highest common factor of 86715 and 470.
235
Calculate the highest common divisor of 2231 and 6499.
97
Calculate the highest common divisor of 17472 and 35616.
672
What is the greatest common divisor of 30 and 11647695?
15
What is the greatest common divisor of 48 and 57120?
48
What is the greatest common divisor of 13 and 3902431?
13
Calculate the highest common divisor of 80 and 2674060.
20
Calculate the highest common factor of 13 and 195689.
13
What is the greatest common factor of 5082 and 3738?
42
What is the highest common factor of 2768 and 6747?
173
What is the highest common factor of 1609818 and 42?
42
Calculate the highest common divisor of 188 and 17343.
47
Calculate the greatest common divisor of 556692 and 552.
276
What is the greatest common factor of 98 and 185612?
98
What is the greatest common divisor of 74 and 19351?
37
Calculate the highest common divisor of 3699 and 1507.
137
Calculate the greatest common divisor of 1178 and 52142.
62
Calculate the highest common factor of 4631 and 880.
11
Calculate the highest common divisor of 2429 and 2317.
7
What is the highest common divisor of 35668 and 629?
37
What is the greatest common factor of 2512 and 1413?
157
Calculate the greatest common divisor of 451 and 627.
11
Calculate the greatest common divisor of 241158 and 54.
6
Calculate the greatest common divisor of 28548 and 65.
13
What is the greatest common factor of 442 and 646?
34
What is the greatest common divisor of 78204 and 2280?
228
What is the greatest common divisor of 5 and 94710?
5
What is the highest common divisor of 35577 and 16884?
603
Calculate the greatest common factor of 186 and 103602.
186
What is the highest common divisor of 783 and 5342409?
783
What is the highest common factor of 7044 and 228?
12
What is the highest common divisor of 17975 and 400?
25
What is the greatest common divisor of 4 and 442756?
4
Calculate the greatest common divisor of 200 and 2408.
8
What is the highest common factor of 405597 and 6?
3
Calculate the highest common factor of 353 and 4454860.
353
What is the greatest common divisor of 14516 and 68?
4
What is the greatest common divisor of 10780 and 18172?
308
What is the highest common divisor of 962 and 4736?
74
Calculate the highest common factor of 278226 and 435.
87
What is the greatest common divisor of 40985 and 33959?
1171
Calculate the highest common divisor of 3 and 1811847.
3
Calculate the greatest common divisor of 198135 and 20349.
1071
Calculate the greatest common divisor of 52647 and 21.
21
What is the greatest common divisor of 59 and 2308021?
59
Wha